of (-65655)/(-30) + (-6)/12?
2, 547
Let x(l) = l + 18. Let p be x(-18). Suppose -w + 7*w - 2520 = p. Suppose -4*g - v + 41 = -371, v = 4*g - w. What are the prime factors of g?
2, 13
Suppose 21*l - 24*l = 576. Let x = 216 + l. What are the prime factors of x?
2, 3
Suppose -525*p + 78 = -551*p. Let y = -1 + 2. List the prime factors of y/(14/4 + p).
2
Let l be 4 - -8 - -1 - -1. Let j = -14 + l. Suppose j = 4*q - 4*n - 56, 117 = 5*q - 4*n + 45. List the prime factors of q.
2
Let t(o) = 62*o - 17. Let q be t(6). Suppose y + q = 3*w + 3*y, -4*w - 5*y = -478. List the prime factors of (-7)/14*(1 - w).
2, 29
Let p(n) = 2*n. Let q(i) = i**2 - 35. Let h(j) = -2*p(j) + q(j). List the prime factors of h(32).
3, 7, 41
Suppose 29 = -5*v + 3*a, 9*a = 2*v + 6*a + 8. List the prime factors of (v - 675/(-99)) + (-8087)/(-11).
3, 5, 7
Let k(x) be the second derivative of -x**4/12 + x**3/3 + 112*x**2 - 11*x. Let q be k(0). Suppose -g = -2*b + q, g + 4 = -0. List the prime factors of b.
2, 5, 11
What are the prime factors of (-9)/3*(-12 - (-7 - -8))?
3, 13
Suppose -6 + 91 = i. Let n = 207 + -248. Let x = i + n. What are the prime factors of x?
2, 11
Let w be (-4)/(-12)*9 + 0/(-1). Suppose -w*n = 4*y - 285, 6*n + 126 = 2*y + 2*n. Let q = -38 + y. List the prime factors of q.
31
Suppose 0 = -g + 4*u - 63, -330 + 15 = 5*g - 4*u. List the prime factors of (-1)/((-27)/6) - 16429/g.
3, 29
Let n = -8 - -8. Let w(s) = s**2 + 2*s - 180. Let z be w(n). What are the prime factors of ((-2)/(-2))/((-4)/z)?
3, 5
Let j(b) = 7*b**2 + 2*b - 4. Let d(f) = -f**2 + f. Let c(k) = -3*d(k) + j(k). Let w be c(3). Suppose w = z - 88. List the prime factors of z.
3, 19
Let d(i) = 6*i + 156. Let v(p) = 5*p - 75. Let k be v(15). List the prime factors of d(k).
2, 3, 13
Let g = -53 - -57. Suppose -2*y - 3*f = -11, -g*f - 1 = -4*y - 29. List the prime factors of (2 - 0)/(y/(-3)) + 102.
3, 5, 7
Let l(r) = -16*r**2 - 3*r + 23. Let w be l(6). Let k = w - -262. Let h = k + 550. List the prime factors of h.
241
Let q = 30 + -24. Let p be 8/(-28) - q/(-21). Suppose 7*i - i - 342 = p. List the prime factors of i.
3, 19
Suppose -2*j = 12 + 8. Let d be (j/(-40))/(1/3524). Let q = d + -620. List the prime factors of q.
3, 29
List the prime factors of (66/(-5))/(273/(-369460)).
2, 7, 11, 29
Suppose -6*c - 270 = -4*c. Suppose -5*x + 48*n - 304 = 51*n, -x - 3*n - 56 = 0. Let w = x - c. What are the prime factors of w?
73
Let v(l) = 67*l - 69. Let j be v(12). Suppose -3*t - 4*b + j = 0, 5*t + 382 = -5*b + 1602. What are the prime factors of t?
241
Let z(g) = -g + 5. Let y be z(3). Let d(f) = 3*f**3 - f**2 - 2*f + 1. Let b be d(y). Suppose -5*o - 68 = -2*s - b, -3*o = -3. List the prime factors of s.
2, 7
Suppose 3*x = 5*x + 218. Let l = x + 49. Let j = 90 + l. What are the prime factors of j?
2, 3, 5
Suppose 0 = 4*r - 2*a - 244776, 3*r + 2*a + 17035 = 200596. What are the prime factors of r?
3, 13, 523
What are the prime factors of (54/21)/(357/3300346)?
2, 3, 7, 283
Suppose -4*g = 0, 4*u + 5*g - 2 = 18. What are the prime factors of (-4)/4*u + 216*2?
7, 61
Let y be (-5)/(1 - -4)*-177. Suppose -11*d = 5*l - 7*d - y, l = 5*d + 47. List the prime factors of l.
37
Suppose 5*w - 2 = 7*w + 3*y, 2*y + 4 = 0. Suppose 0 = -4*h - c + 2154, 0 = w*h - 3*h + c + 541. List the prime factors of h.
7, 11
Let x = -3356 + 2191. Let s = x - -2207. What are the prime factors of s?
2, 521
Suppose 5*z - 20 = -3*s, 2 = 2*s - z - 7. Let g be (6 - s)/(4/(-8)). What are the prime factors of (39 - 2)/((-1)/g)?
2, 37
Suppose -5*r + 33545 = 3*l, 0 = 2*r - 3*l - 20971 + 7574. List the prime factors of r.
2, 7, 479
Let v = 162 - 81. Suppose -v = -2*p - 59. What are the prime factors of p?
11
Suppose 4*u = 2*u + 10. Suppose 7*x - 32 = -x. Suppose u*z - 334 = 2*k, 4*z + x*k = 2*k + 260. List the prime factors of z.
2, 3, 11
List the prime factors of -1504*(-42 - -48 - (-1)/(1/(-7))).
2, 47
Suppose 40 = 3*f + 1. Let o = 136 - f. Suppose 3*v - 3*n - o = 0, -163 = -4*v - 0*v + 3*n. List the prime factors of v.
2, 5
Suppose -30*o + 95345 = -81235. List the prime factors of o.
2, 3, 109
Let g(t) = 4*t**2 + 6*t - 15. Let a(l) = 11*l**2 - 2*l - 2. Let o be a(1). List the prime factors of g(o).
223
Let j = 1 - -1. Suppose 22 = 4*b - 10. List the prime factors of -1 + b - j/(-2).
2
Let o(m) = 100*m - 16. Let l be o(1). List the prime factors of 168/(-9)*(-2376)/l.
2, 3, 11
Let f(s) = -48*s + 3. Suppose -357 = -5*c - j, -286 = -3*c - 2*j - 69. Let i = -73 + c. List the prime factors of f(i).
3, 11
Suppose -6*g = 41 - 137. Let m(z) = z**2 - 17*z + 21. Let q be m(g). Suppose 3*h - q*t = -t + 336, -3*t + 224 = 2*h. What are the prime factors of h?
2, 7
Let z be ((-24)/6 - 31)*-6. Let x = -114 + z. What are the prime factors of x?
2, 3
Let a = -5945 + 11123. List the prime factors of a.
2, 3, 863
Let r = 325 - 324. What are the prime factors of -3*r/4 + 2955/20?
3, 7
Suppose 0*k + 5*w = -3*k + 801, -278 = -k + 2*w. List the prime factors of 6 + 0 + 1 + k.
3, 31
Let d = 42 + -40. Suppose 0 = d*p - 4 - 6. Suppose -p*w = -3*g + 202, -3*g + 126 + 41 = 2*w. List the prime factors of g.
59
Suppose -h + 10011 = -2*v - 8651, -5*h + 93364 = -v. What are the prime factors of h?
2, 9337
Suppose -5*h - 12 - 8 = 0. Let l be 0*(0 - 2)/h. Suppose l = -14*q + 11*q + 372. List the prime factors of q.
2, 31
Let f(w) = 4*w + 362*w**3 + 7 - 364*w**3 - w**2 + 2*w. List the prime factors of f(-5).
2, 101
Suppose -2*h - h = -6. Suppose h*z - z - 93 = 0. Suppose 0 = 98*s - z*s - 140. List the prime factors of s.
2, 7
Let y(k) = 4*k**3 + 2*k**2 + k + 7. Let i(c) = -9*c**3 - 4*c**2 - 2*c - 13. Let n(f) = -6*i(f) - 11*y(f). Let o = -527 + 529. List the prime factors of n(o).
7, 13
Let w be (6/4)/(18/(-36)). Let d be (-1 - w/2)/((-1)/(-56)). Let b = 62 + d. What are the prime factors of b?
2, 3, 5
Let t(w) = 24 - 100 + 5 - 1625*w - 102 + 1747*w. What are the prime factors of t(7)?
3, 227
Suppose 31*q - 112 = 3*q. Suppose -5*h + 34*x = 37*x - 520, -q*h - 2*x = -414. List the prime factors of h.
101
Suppose -3*o + 4 = -w, w - 2*o = -690 + 686. Let z(m) = 16 + 6*m - 4 - 4*m - 2*m**3. List the prime factors of z(w).
2, 3, 11
Let l be -4 + 6 - (1 - -61). Let j be -5*3*8/l. Suppose j*k - 3*k = -15. List the prime factors of k.
3, 5
Suppose 5*y + t = 61159, 3*y - 2*t = 31264 + 5447. List the prime factors of y.
13, 941
List the prime factors of (2/9 - (-88524)/405)*(26 - -39).
2, 13, 547
Let i = -36 - -42. Suppose g = t + 201, -t - i = -3*t. What are the prime factors of (g/30)/((-4)/(-20))?
2, 17
Suppose -51*o = -56*o - c + 12167, 2*c = o - 2429. List the prime factors of o.
3, 811
Suppose -14*c + 15*c = 141. Let t = c + -106. Suppose -543 = -t*b + 32*b. List the prime factors of b.
181
Let u(y) = -50*y**3 + 36*y**2 + 23*y + 89. List the prime factors of u(-9).
2, 11, 223
Suppose 64*c = -0*c - 5*c + 317262. What are the prime factors of c?
2, 11, 19
Suppose -2 = q + q. Let j(n) = -21*n + 2. Let z be j(q). Let v = 106 + z. List the prime factors of v.
3, 43
Let q(o) = o**3 - 22*o**2 - 51*o + 180. List the prime factors of q(24).
2, 3
Let g be (-5 - (6 + -2)) + 4. Let a(w) = 8*w**2 + 7*w - 17. What are the prime factors of a(g)?
2, 37
What are the prime factors of ((9390/12)/(-5))/((-9)/36)?
2, 313
Suppose 5*g + 164 = -111. Suppose 3*y + 57 = 3*x, -5*x - y + 60 = -17. Let j = x - g. List the prime factors of j.
71
Let b = 23 - 16. Suppose -2*s = 10*c - b*c - 513, c - 5 = 0. Let m = s + -113. What are the prime factors of m?
2, 17
Suppose -15*m + 46446 = -3*m - 29154. What are the prime factors of m?
2, 3, 5, 7
Suppose 27*u = 34*u - 6139. Suppose -2*m + 1245 + u = 0. List the prime factors of m.
1061
Suppose 54*p + 141011 = 97*p - 897310. List the prime factors of p.
3, 2683
List the prime factors of -6 + (-496)/(-24)*606 + 7.
3, 5, 167
Suppose -p + 7 - 1 = 0. Let x(q) be the second derivative of q**5/20 - q**4/6 - 19*q**3/6 - 2*q**2 + 10*q. What are the prime factors of x(p)?
2, 13
Let p(y) be the first derivative of 205*y**2/2 + 64*y - 127. List the prime factors of p(6).
2, 647
Let a = 144 - 280. Let g be (a/(-10))/(26/(-1170)). What are the prime factors of g/(-22) - (-32)/176?
2, 7
Let k(m) = m**2 + m - 1. Let r(a) = -7*a**2 + 3*a + 19. Let q(o) = 6*k(o) + r(o). Let f be q(10)